33595.
3, 5, 17, 29, 1187
List the prime factors of 427419.
3, 47491
List the prime factors of 128487.
3, 42829
What are the prime factors of 6116568?
2, 3, 254857
List the prime factors of 9886294.
2, 11, 571, 787
What are the prime factors of 33081043?
2309, 14327
What are the prime factors of 2166283?
7, 309469
List the prime factors of 293013.
3, 7, 4651
List the prime factors of 62388.
2, 3, 1733
What are the prime factors of 1182708?
2, 3, 47, 233
List the prime factors of 9598957.
239, 40163
List the prime factors of 24228466.
2, 71, 97, 1759
What are the prime factors of 8179504?
2, 47, 73, 149
What are the prime factors of 151745?
5, 11, 31, 89
What are the prime factors of 453105?
3, 5, 10069
List the prime factors of 358988.
2, 7, 12821
What are the prime factors of 40998599?
19, 2157821
List the prime factors of 91635.
3, 5, 41, 149
What are the prime factors of 2828840?
2, 5, 7, 10103
What are the prime factors of 41092?
2, 10273
List the prime factors of 584948.
2, 7, 13, 1607
List the prime factors of 348399.
3, 38711
What are the prime factors of 119638?
2, 41, 1459
What are the prime factors of 6928648?
2, 866081
What are the prime factors of 60286?
2, 43, 701
What are the prime factors of 290660?
2, 5, 14533
List the prime factors of 18181358.
2, 13, 53791
What are the prime factors of 1648519?
59, 27941
List the prime factors of 287695.
5, 163, 353
What are the prime factors of 1549742?
2, 331, 2341
What are the prime factors of 325141?
541, 601
List the prime factors of 265892.
2, 11, 6043
List the prime factors of 242884.
2, 41, 1481
List the prime factors of 3421138.
2, 7, 244367
List the prime factors of 328770.
2, 3, 5, 13, 281
List the prime factors of 1800927.
3, 66701
List the prime factors of 299141.
389, 769
List the prime factors of 504633.
3, 168211
List the prime factors of 718604.
2, 179651
List the prime factors of 6902430.
2, 3, 5, 230081
What are the prime factors of 327870?
2, 3, 5, 3643
List the prime factors of 168632.
2, 107, 197
List the prime factors of 18232.
2, 43, 53
List the prime factors of 8113334.
2, 193, 21019
What are the prime factors of 1814863?
499, 3637
What are the prime factors of 429127?
429127
What are the prime factors of 349633?
43, 47, 173
List the prime factors of 3666804.
2, 3, 31, 9857
What are the prime factors of 165771?
3, 113, 163
List the prime factors of 882625.
5, 23, 307
List the prime factors of 2264116.
2, 19, 31
What are the prime factors of 383205?
3, 5, 59, 433
List the prime factors of 96843.
3, 19, 1699
What are the prime factors of 7377117?
3, 11, 223549
List the prime factors of 459621.
3, 29, 587
What are the prime factors of 1560614?
2, 11, 70937
What are the prime factors of 8649665?
5, 43, 40231
List the prime factors of 635161.
277, 2293
What are the prime factors of 2814816?
2, 3, 109, 269
What are the prime factors of 1140132?
2, 3, 7, 277
List the prime factors of 1622401.
11, 83, 1777
What are the prime factors of 191958?
2, 3, 13, 23, 107
What are the prime factors of 1060355?
5, 31, 6841
What are the prime factors of 144384?
2, 3, 47
What are the prime factors of 11172895?
5, 2234579
List the prime factors of 132715.
5, 11, 19, 127
What are the prime factors of 1209631?
1209631
List the prime factors of 1946675.
5, 77867
What are the prime factors of 3601926?
2, 3, 17, 79, 149
What are the prime factors of 1207279?
19, 63541
What are the prime factors of 1967298?
2, 3, 19, 17257
List the prime factors of 129189.
3, 43063
What are the prime factors of 17494785?
3, 5, 7, 11, 17
What are the prime factors of 550278?
2, 3, 19, 1609
List the prime factors of 717865.
5, 143573
What are the prime factors of 20780162?
2, 13, 37, 21601
List the prime factors of 154303.
154303
What are the prime factors of 946651?
929, 1019
List the prime factors of 234673.
234673
What are the prime factors of 10531402?
2, 7, 353, 2131
What are the prime factors of 1828037?
71, 25747
List the prime factors of 59420.
2, 5, 2971
What are the prime factors of 5081771?
307, 16553
List the prime factors of 870794.
2, 435397
List the prime factors of 3745230.
2, 3, 5, 127, 983
What are the prime factors of 30124139?
19, 1585481
List the prime factors of 16169368.
2, 23, 87877
What are the prime factors of 656803?
7, 101, 929
List the prime factors of 1693225.
5, 89, 761
List the prime factors of 19695357.
3, 11, 198943
List the prime factors of 2281161.
3, 37, 20551
List the prime factors of 5194003.
41, 126683
List the prime factors of 9027.
3, 17, 59
List the prime factors of 3934918.
2, 13, 151343
List the prime factors of 146794.
2, 19, 3863
List the prime factors of 972029.
972029
What are the prime factors of 125452?
2, 79, 397
What are the prime factors of 201320?
2, 5, 7, 719
What are the prime factors of 3374999?
149, 22651
What are the prime factors of 578908?
2, 11, 59, 223
List the prime factors of 799084.
2, 11, 13, 127
What are the prime factors of 415165?
5, 43, 1931
What are the prime factors of 7162300?
2, 5, 67, 1069
List the prime factors of 2361610.
2, 5, 139, 1699
List the prime factors of 658265.
5, 173, 761
List the prime factors of 8164545.
3, 5, 61, 8923
What are the prime factors of 9374393?
7, 1339199
What are the prime factors of 4298522?
2, 19, 31, 41, 89
List the prime factors of 887030.
2, 5, 107, 829
What are the prime factors of 136815?
3, 5, 7, 1303
List the prime factors of 4371238.
2, 2185619
What are the prime factors of 190241?
103, 1847
List the prime factors of 5118932.
2, 7, 13, 41
What are the prime factors of 27226333?
17, 113, 14173
List the prime factors of 1028993.
7, 17, 8647
What are the prime factors of 174761?
174761
What are the prime factors of 17292?
2, 3, 11, 131
List the prime factors of 664014.
2, 3, 13, 8513
List the prime factors of 464044.
2, 7, 16573
List the prime factors of 29851989.
3, 1759, 5657
What are the prime factors of 201862?
2, 100931
What are the prime factors of 24648?
2, 3, 13, 79
List the prime factors of 218245.
5, 43649
What are the prime factors of 188450?
2, 5, 3769
List the prime factors of 1023755.
5, 204751
List the prime factors of 326157.
3, 13, 8363
List the prime factors of 160961.
53, 3037
What are the prime factors of 1939533?
3, 149, 4339
What are the prime factors of 6327045?
3, 5, 46867
What are the prime factors of 10124404?
2, 2531101
List the prime factors of 1068592.
2, 7, 29, 47
List the prime factors of 16522440.
2, 3, 5, 11, 12517
What are the prime factors of 1367667?
3, 7, 17, 1277
What are the prime factors of 23987?
17, 83
List the prime factors of 610953.
3, 7, 47, 619
List the prime factors of 8134961.
8134961
List the prime factors of 83852.
2, 20963
List the prime factors of 1481834.
2, 197, 3761
List the prime factors of 22774127.
22774127
List the prime factors of 770904.
2, 3, 43, 83
What are the prime factors of 621701?
621701
List the prime factors of 10805293.
281, 38453
What are the prime factors of 516878?
2, 109, 2371
What are the prime factors of 8629412?
2, 11, 43, 4561
List the prime factors of 634354.
2, 7, 6473
What are the prime factors of 1542676?
2, 113, 3413
What are the prime factors of 298983?
3, 99661
What are the prime factors of 200208?
2, 3, 43, 97
What are the prime factors of 261334?
2, 41, 3187
List the prime factors of 14951466.
2, 3, 17, 61, 89
List the prime factors of 249202.
2, 124601
List the prime factors of 1773694.
2, 13, 68219
List the prime factors of 6716107.
53, 126719
List the prime factors of 13172694.
2, 3, 59, 127, 293
List the prime factors of 1261442.
2, 7, 13, 29, 239
What are the prime factors of 154658?
2, 7, 11047
What are the prime factors of 38918?
2, 11, 29, 61
List the prime factors of 137890.
2, 5, 13789
What are the prime factors of 157333?
11, 14303
List the prime factors of 140913.
3, 17, 307
What are the prime factors of 1068913?
1068913
List the prime factors of 1189196.
2, 211, 1409
List the prime factors of 2908301.
11, 264391
What are the prime factors of 7159603?
11, 650873
What are the prime factors of 894990?
2, 3, 5, 29833
What are the prime factors of 2249513?
7, 321359
List the prime factors of 533353.
533353
What are the prime factors of 7683266?
2, 157, 24469
What are the prime factors of 563433?
3, 13, 1